{"id":323,"date":"2026-01-27T13:59:17","date_gmt":"2026-01-27T12:59:17","guid":{"rendered":"https:\/\/hafanor-electricite.fr\/?page_id=323"},"modified":"2026-02-13T16:05:46","modified_gmt":"2026-02-13T15:05:46","slug":"conditions-generales-de-vente","status":"publish","type":"page","link":"https:\/\/hafanor-electricite.fr\/index.php\/conditions-generales-de-vente\/","title":{"rendered":"Conditions G\u00e9n\u00e9rales de Vente"},"content":{"rendered":"\t\t<div data-elementor-type=\"wp-page\" data-elementor-id=\"323\" class=\"elementor elementor-323\">\n\t\t\t\t<div class=\"elementor-element elementor-element-d13981e e-flex e-con-boxed e-con e-parent\" data-id=\"d13981e\" data-element_type=\"container\">\n\t\t\t\t\t<div class=\"e-con-inner\">\n\t\t\t\t<div class=\"elementor-element elementor-element-1d7a4f9 elementor-widget elementor-widget-text-editor\" data-id=\"1d7a4f9\" data-element_type=\"widget\" data-widget_type=\"text-editor.default\">\n\t\t\t\t\t\t\t\t\t<p data-start=\"385\" data-end=\"418\"><strong>CONDITIONS G\u00c9N\u00c9RALES DE VENTE<\/strong><\/p><p data-start=\"419\" data-end=\"465\"><em data-start=\"419\" data-end=\"465\">(CGV \u2013 Prestations de travaux d\u2019\u00e9lectricit\u00e9)<\/em><\/p><hr data-start=\"467\" data-end=\"470\" \/><p data-start=\"472\" data-end=\"508\"><strong>1. Identification de l\u2019entreprise<\/strong><\/p><p data-start=\"510\" data-end=\"833\">Entreprise : <strong data-start=\"523\" data-end=\"539\">[Nom Pr\u00e9nom]<\/strong><br data-start=\"539\" data-end=\"542\" \/>Statut : <strong data-start=\"551\" data-end=\"578\">Entreprise Individuelle<\/strong><br data-start=\"578\" data-end=\"581\" \/>Nom commercial : <strong data-start=\"598\" data-end=\"630\">[Nom commercial si existant]<\/strong><br data-start=\"630\" data-end=\"633\" \/>Adresse : <strong data-start=\"643\" data-end=\"665\">[Adresse compl\u00e8te]<\/strong><br data-start=\"665\" data-end=\"668\" \/>T\u00e9l\u00e9phone : <strong data-start=\"680\" data-end=\"692\">[Num\u00e9ro]<\/strong><br data-start=\"692\" data-end=\"695\" \/>E-mail : <strong data-start=\"704\" data-end=\"728\"><a class=\"decorated-link cursor-pointer\" rel=\"noopener\">contact@hafanor-electricite.fr<\/a><\/strong><br data-start=\"728\" data-end=\"731\" \/>SIREN \/ SIRET : <strong data-start=\"747\" data-end=\"759\">[Num\u00e9ro]<\/strong><br data-start=\"759\" data-end=\"762\" \/>Code APE : <strong>4321A \u2013 Travaux d\u2019installation \u00e9lectrique<\/strong><br data-start=\"789\" data-end=\"792\" \/>Immatriculation : <strong data-start=\"810\" data-end=\"833\">[RM ou RCS + ville]<\/strong><\/p><hr data-start=\"835\" data-end=\"838\" \/><p data-start=\"840\" data-end=\"865\"><strong>2. Champ d\u2019application<\/strong><\/p><p data-start=\"867\" data-end=\"1103\">Les pr\u00e9sentes Conditions G\u00e9n\u00e9rales de Vente s\u2019appliquent \u00e0 toutes les prestations de travaux d\u2019\u00e9lectricit\u00e9 r\u00e9alis\u00e9es par l\u2019entreprise aupr\u00e8s de clients particuliers et professionnels, sauf dispositions particuli\u00e8res convenues par \u00e9crit.<\/p><p data-start=\"1105\" data-end=\"1174\">Toute commande implique l\u2019acceptation sans r\u00e9serve des pr\u00e9sentes CGV.<\/p><hr data-start=\"1176\" data-end=\"1179\" \/><p data-start=\"1181\" data-end=\"1192\"><strong>3. Devis<\/strong><\/p><p data-start=\"1194\" data-end=\"1309\">Les devis sont gratuits sauf mention contraire.<br data-start=\"1241\" data-end=\"1244\" \/>Ils sont valables <strong data-start=\"1262\" data-end=\"1274\">30 jours<\/strong> \u00e0 compter de leur date d\u2019\u00e9mission.<\/p><p data-start=\"1311\" data-end=\"1482\">La commande devient ferme et d\u00e9finitive <strong data-start=\"1351\" data-end=\"1388\">apr\u00e8s acceptation \u00e9crite du devis<\/strong> (signature manuscrite ou \u00e9lectronique), accompagn\u00e9e le cas \u00e9ch\u00e9ant du versement d\u2019un acompte.<\/p><hr data-start=\"1484\" data-end=\"1487\" \/><p data-start=\"1489\" data-end=\"1499\"><strong>4. Prix<\/strong><\/p><p data-start=\"1501\" data-end=\"1620\">Les prix sont exprim\u00e9s en <strong data-start=\"1527\" data-end=\"1536\">euros<\/strong>, hors taxes (HT) ou toutes taxes comprises (TTC) selon le r\u00e9gime fiscal applicable.<\/p><p data-start=\"1622\" data-end=\"1785\">Ils comprennent uniquement les prestations et fournitures d\u00e9crites dans le devis accept\u00e9.<br data-start=\"1711\" data-end=\"1714\" \/>Toute prestation non pr\u00e9vue fera l\u2019objet d\u2019un <strong data-start=\"1760\" data-end=\"1784\">devis compl\u00e9mentaire<\/strong>.<\/p><hr data-start=\"1787\" data-end=\"1790\" \/><p data-start=\"1792\" data-end=\"1819\"><strong>5. Modalit\u00e9s de paiement<\/strong><\/p><p data-start=\"1821\" data-end=\"1852\">Sauf conditions particuli\u00e8res :<\/p><ul data-start=\"1853\" data-end=\"1945\"><li data-start=\"1853\" data-end=\"1899\"><p data-start=\"1855\" data-end=\"1899\">Un acompte peut \u00eatre demand\u00e9 \u00e0 la commande<\/p><\/li><li data-start=\"1900\" data-end=\"1945\"><p data-start=\"1902\" data-end=\"1945\">Le solde est payable \u00e0 la fin des travaux<\/p><\/li><\/ul><p data-start=\"1947\" data-end=\"1976\">Moyens de paiement accept\u00e9s :<\/p><ul data-start=\"1977\" data-end=\"2043\"><li data-start=\"1977\" data-end=\"1998\"><p data-start=\"1979\" data-end=\"1998\">Virement bancaire<\/p><\/li><li data-start=\"1999\" data-end=\"2009\">Carte bleu<\/li><li data-start=\"2010\" data-end=\"2043\"><p data-start=\"2012\" data-end=\"2043\">Esp\u00e8ces (dans la limite l\u00e9gale)<\/p><\/li><\/ul><p data-start=\"2045\" data-end=\"2088\">Les factures sont payables <strong data-start=\"2072\" data-end=\"2087\">\u00e0 r\u00e9ception<\/strong>.<\/p><hr data-start=\"2090\" data-end=\"2093\" \/><p data-start=\"2095\" data-end=\"2119\"><strong>6. Retard de paiement<\/strong><\/p><p data-start=\"2121\" data-end=\"2187\">Tout retard de paiement entra\u00eene, sans mise en demeure pr\u00e9alable :<\/p><ul data-start=\"2188\" data-end=\"2354\"><li data-start=\"2188\" data-end=\"2262\"><p data-start=\"2190\" data-end=\"2262\">Des p\u00e9nalit\u00e9s de retard calcul\u00e9es sur la base du taux l\u00e9gal en vigueur<\/p><\/li><li data-start=\"2263\" data-end=\"2354\"><p data-start=\"2265\" data-end=\"2354\">Une indemnit\u00e9 forfaitaire pour frais de recouvrement de <strong data-start=\"2321\" data-end=\"2329\">40 \u20ac<\/strong> (clients professionnels)<\/p><\/li><\/ul><p data-start=\"2356\" data-end=\"2437\">L\u2019entreprise se r\u00e9serve le droit de suspendre les travaux en cas de non-paiement.<\/p><hr data-start=\"2439\" data-end=\"2442\" \/><p data-start=\"2444\" data-end=\"2468\"><strong>7. D\u00e9lais d\u2019ex\u00e9cution<\/strong><\/p><p data-start=\"2470\" data-end=\"2567\">Les d\u00e9lais d\u2019intervention sont donn\u00e9s \u00e0 titre indicatif.<br data-start=\"2526\" data-end=\"2529\" \/>Ils peuvent \u00eatre prolong\u00e9s en cas de :<\/p><ul data-start=\"2568\" data-end=\"2667\"><li data-start=\"2568\" data-end=\"2585\"><p data-start=\"2570\" data-end=\"2585\">force majeure<\/p><\/li><li data-start=\"2586\" data-end=\"2601\"><p data-start=\"2588\" data-end=\"2601\">intemp\u00e9ries<\/p><\/li><li data-start=\"2602\" data-end=\"2637\"><p data-start=\"2604\" data-end=\"2637\">retard de livraison de mat\u00e9riel<\/p><\/li><li data-start=\"2638\" data-end=\"2667\"><p data-start=\"2640\" data-end=\"2667\">indisponibilit\u00e9 du client<\/p><\/li><\/ul><p data-start=\"2669\" data-end=\"2769\">Aucun d\u00e9dommagement ne pourra \u00eatre exig\u00e9 en cas de retard ind\u00e9pendant de la volont\u00e9 de l\u2019entreprise.<\/p><hr data-start=\"2771\" data-end=\"2774\" \/><p data-start=\"2776\" data-end=\"2803\"><strong>8. Obligations du client<\/strong><\/p><p data-start=\"2805\" data-end=\"2827\">Le client s\u2019engage \u00e0 :<\/p><ul data-start=\"2828\" data-end=\"2952\"><li data-start=\"2828\" data-end=\"2860\"><p data-start=\"2830\" data-end=\"2860\">garantir l\u2019acc\u00e8s au chantier<\/p><\/li><li data-start=\"2861\" data-end=\"2897\"><p data-start=\"2863\" data-end=\"2897\">fournir des informations exactes<\/p><\/li><li data-start=\"2898\" data-end=\"2952\"><p data-start=\"2900\" data-end=\"2952\">assurer la conformit\u00e9 des installations existantes<\/p><\/li><\/ul><p data-start=\"2954\" data-end=\"3066\">Tout retard ou impossibilit\u00e9 d\u2019intervention imputable au client pourra entra\u00eener une facturation suppl\u00e9mentaire.<\/p><hr data-start=\"3068\" data-end=\"3071\" \/><p data-start=\"3073\" data-end=\"3100\"><strong>9. R\u00e9ception des travaux<\/strong><\/p><p data-start=\"3102\" data-end=\"3273\">La r\u00e9ception des travaux vaut reconnaissance de leur conformit\u00e9.<br data-start=\"3166\" data-end=\"3169\" \/>Toute r\u00e9serve doit \u00eatre formul\u00e9e <strong data-start=\"3202\" data-end=\"3215\">par \u00e9crit<\/strong> dans un d\u00e9lai raisonnable apr\u00e8s la fin de l\u2019intervention.<\/p><hr data-start=\"3275\" data-end=\"3278\" \/><p data-start=\"3280\" data-end=\"3313\"><strong>10. Responsabilit\u00e9 \u2013 Garanties<\/strong><\/p><p data-start=\"3315\" data-end=\"3414\">L\u2019entreprise est couverte par une <strong data-start=\"3349\" data-end=\"3413\">assurance responsabilit\u00e9 civile professionnelle et d\u00e9cennale<\/strong>.<\/p><p data-start=\"3416\" data-end=\"3529\">Assureur : <strong data-start=\"3427\" data-end=\"3450\">[Nom de l\u2019assureur]<\/strong><br data-start=\"3450\" data-end=\"3453\" \/>Num\u00e9ro de contrat : <strong data-start=\"3473\" data-end=\"3485\">[Num\u00e9ro]<\/strong><br data-start=\"3485\" data-end=\"3488\" \/>Zone couverte : <strong data-start=\"3504\" data-end=\"3529\">France m\u00e9tropolitaine<\/strong><\/p><p data-start=\"3531\" data-end=\"3615\">La garantie d\u00e9cennale s\u2019applique uniquement aux travaux relevant de son champ l\u00e9gal.<\/p><hr data-start=\"3617\" data-end=\"3620\" \/><p data-start=\"3622\" data-end=\"3673\"><strong>11. Droit de r\u00e9tractation (clients particuliers)<\/strong><\/p><p data-start=\"3675\" data-end=\"3892\">Conform\u00e9ment aux articles L221-18 et suivants du Code de la consommation, le client dispose d\u2019un d\u00e9lai de <strong data-start=\"3781\" data-end=\"3793\">14 jours<\/strong> pour exercer son droit de r\u00e9tractation pour les contrats conclus \u00e0 distance ou hors \u00e9tablissement.<\/p><p data-start=\"3894\" data-end=\"3922\">Ce droit ne s\u2019applique pas :<\/p><ul data-start=\"3923\" data-end=\"4050\"><li data-start=\"3923\" data-end=\"3958\"><p data-start=\"3925\" data-end=\"3958\">aux travaux ex\u00e9cut\u00e9s en urgence<\/p><\/li><li data-start=\"3959\" data-end=\"4050\"><p data-start=\"3961\" data-end=\"4050\">aux prestations enti\u00e8rement r\u00e9alis\u00e9es avec l\u2019accord du client avant la fin du d\u00e9lai l\u00e9gal<\/p><\/li><\/ul><hr data-start=\"4052\" data-end=\"4055\" \/><p data-start=\"4057\" data-end=\"4092\"><strong>12. M\u00e9diation de la consommation<\/strong><\/p><p data-start=\"4094\" data-end=\"4195\">En cas de litige non r\u00e9solu, le client peut recourir gratuitement \u00e0 un m\u00e9diateur de la consommation :<\/p><p hidden=\"\" data-start=\"4197\" data-end=\"4285\">M\u00e9diateur : <strong>CNPM \u2013 M\u00e9diation Consommation<\/strong><br data-start=\"4231\" data-end=\"4234\" \/>Adresse : <strong>27 avenue de la Lib\u00e9ration<\/strong><br data-start=\"460\" data-end=\"463\" \/><strong>42400 Saint-Chamond<\/strong><br data-start=\"4257\" data-end=\"4260\" \/>Site internet : <strong data-start=\"4276\" data-end=\"4285\">https:\/\/www.cnpm-mediation-consommation.eu<\/strong><\/p><hr data-start=\"4287\" data-end=\"4290\" \/><p data-start=\"4292\" data-end=\"4319\"><strong>13. Donn\u00e9es personnelles<\/strong><\/p><p data-start=\"4321\" data-end=\"4522\">Les donn\u00e9es personnelles collect\u00e9es sont utilis\u00e9es uniquement dans le cadre de la relation commerciale.<br data-start=\"4424\" data-end=\"4427\" \/>Conform\u00e9ment au RGPD, le client dispose d\u2019un droit d\u2019acc\u00e8s, de rectification et de suppression.<\/p><p data-start=\"4524\" data-end=\"4570\">Voir la page <strong data-start=\"4537\" data-end=\"4569\">Politique de confidentialit\u00e9<\/strong>.<\/p><hr data-start=\"4572\" data-end=\"4575\" \/><p data-start=\"4577\" data-end=\"4600\"><strong>14. Droit applicable<\/strong><\/p><p data-start=\"4602\" data-end=\"4750\">Les pr\u00e9sentes CGV sont soumises au <strong data-start=\"4637\" data-end=\"4655\">droit fran\u00e7ais<\/strong>.<br data-start=\"4656\" data-end=\"4659\" \/>En cas de litige, les tribunaux comp\u00e9tents seront ceux du ressort du si\u00e8ge de l\u2019entreprise.<\/p>\t\t\t\t\t\t\t\t<\/div>\n\t\t\t\t\t<\/div>\n\t\t\t\t<\/div>\n\t\t\t\t<\/div>\n\t\t","protected":false},"excerpt":{"rendered":"<p>CONDITIONS G\u00c9N\u00c9RALES DE VENTE (CGV \u2013 Prestations de travaux d\u2019\u00e9lectricit\u00e9) 1. Identification de l\u2019entreprise Entreprise : [Nom Pr\u00e9nom]Statut : Entreprise IndividuelleNom commercial : [Nom commercial si existant]Adresse : [Adresse compl\u00e8te]T\u00e9l\u00e9phone : [Num\u00e9ro]E-mail : contact@hafanor-electricite.frSIREN \/ SIRET : [Num\u00e9ro]Code APE : 4321A \u2013 Travaux d\u2019installation \u00e9lectriqueImmatriculation : [RM ou RCS + ville] 2. Champ d\u2019application Les [&hellip;]<\/p>\n","protected":false},"author":1,"featured_media":0,"parent":0,"menu_order":0,"comment_status":"closed","ping_status":"closed","template":"base-page","meta":{"footnotes":""},"class_list":["post-323","page","type-page","status-publish","hentry"],"jetpack_sharing_enabled":true,"_links":{"self":[{"href":"https:\/\/hafanor-electricite.fr\/index.php\/wp-json\/wp\/v2\/pages\/323","targetHints":{"allow":["GET"]}}],"collection":[{"href":"https:\/\/hafanor-electricite.fr\/index.php\/wp-json\/wp\/v2\/pages"}],"about":[{"href":"https:\/\/hafanor-electricite.fr\/index.php\/wp-json\/wp\/v2\/types\/page"}],"author":[{"embeddable":true,"href":"https:\/\/hafanor-electricite.fr\/index.php\/wp-json\/wp\/v2\/users\/1"}],"replies":[{"embeddable":true,"href":"https:\/\/hafanor-electricite.fr\/index.php\/wp-json\/wp\/v2\/comments?post=323"}],"version-history":[{"count":10,"href":"https:\/\/hafanor-electricite.fr\/index.php\/wp-json\/wp\/v2\/pages\/323\/revisions"}],"predecessor-version":[{"id":364,"href":"https:\/\/hafanor-electricite.fr\/index.php\/wp-json\/wp\/v2\/pages\/323\/revisions\/364"}],"wp:attachment":[{"href":"https:\/\/hafanor-electricite.fr\/index.php\/wp-json\/wp\/v2\/media?parent=323"}],"curies":[{"name":"wp","href":"https:\/\/api.w.org\/{rel}","templated":true}]}}